{"id":7407,"date":"2024-12-19T15:58:34","date_gmt":"2024-12-19T15:58:34","guid":{"rendered":"https:\/\/lamaisontrebeurden.fr\/?post_type=product&#038;p=7407"},"modified":"2024-12-19T16:07:46","modified_gmt":"2024-12-19T16:07:46","slug":"table-lamp-camp-led-noire","status":"publish","type":"product","link":"https:\/\/lamaisontrebeurden.fr\/de\/product\/table-lamp-camp-led-noire\/","title":{"rendered":"Tisch Lamp Camp LED schwarz"},"content":{"rendered":"<p>Die Camp LED-Tischlampe von Leitmotiv zieht mit ihrer gl\u00e4nzenden Chromoberfl\u00e4che alle Blicke auf sich. Perfekt f\u00fcr alle, die ein bisschen Bling-Bling auf dem Schreibtisch m\u00f6gen, oder als strahlender Akzent auf einem Beistelltisch. Sind Sie bereit, Ihren Raum mit einem futuristischen Touch zu erhellen? Wo w\u00fcrden Sie die LED-Lampe Camp von Leitmotiv platzieren?<\/p>","protected":false},"excerpt":{"rendered":"<p>Die Camp LED-Tischlampe von Leitmotiv zieht mit ihrer gl\u00e4nzenden Chromoberfl\u00e4che alle Blicke auf sich. Perfekt f\u00fcr alle, die ein bisschen Bling-Bling auf dem Schreibtisch m\u00f6gen, oder als strahlender Akzent auf einem Beistelltisch. Sind Sie bereit, Ihren Raum mit einem futuristischen Touch zu erhellen? Wo werden Sie die LED-Lampe Camp von Leitmotiv platzieren ... <\/p>\n<p class=\"link-more\"><a href=\"https:\/\/lamaisontrebeurden.fr\/de\/product\/table-lamp-camp-led-noire\/\" class=\"more-link\"><span class=\"screen-reader-text\">\"Tisch Lamp Camp LED schwarz\" <\/span>weiterlesen<\/a><\/p>","protected":false},"featured_media":7409,"template":"","meta":[],"product_brand":[],"product_cat":[177],"product_tag":[],"class_list":{"0":"post-7407","1":"product","2":"type-product","3":"status-publish","4":"has-post-thumbnail","6":"product_cat-deco","8":"first","9":"instock","10":"taxable","11":"shipping-taxable","12":"purchasable","13":"product-type-simple"},"jetpack_sharing_enabled":true,"_links":{"self":[{"href":"https:\/\/lamaisontrebeurden.fr\/de\/wp-json\/wp\/v2\/product\/7407","targetHints":{"allow":["GET"]}}],"collection":[{"href":"https:\/\/lamaisontrebeurden.fr\/de\/wp-json\/wp\/v2\/product"}],"about":[{"href":"https:\/\/lamaisontrebeurden.fr\/de\/wp-json\/wp\/v2\/types\/product"}],"version-history":[{"count":1,"href":"https:\/\/lamaisontrebeurden.fr\/de\/wp-json\/wp\/v2\/product\/7407\/revisions"}],"predecessor-version":[{"id":7408,"href":"https:\/\/lamaisontrebeurden.fr\/de\/wp-json\/wp\/v2\/product\/7407\/revisions\/7408"}],"wp:featuredmedia":[{"embeddable":true,"href":"https:\/\/lamaisontrebeurden.fr\/de\/wp-json\/wp\/v2\/media\/7409"}],"wp:attachment":[{"href":"https:\/\/lamaisontrebeurden.fr\/de\/wp-json\/wp\/v2\/media?parent=7407"}],"wp:term":[{"taxonomy":"product_brand","embeddable":true,"href":"https:\/\/lamaisontrebeurden.fr\/de\/wp-json\/wp\/v2\/product_brand?post=7407"},{"taxonomy":"product_cat","embeddable":true,"href":"https:\/\/lamaisontrebeurden.fr\/de\/wp-json\/wp\/v2\/product_cat?post=7407"},{"taxonomy":"product_tag","embeddable":true,"href":"https:\/\/lamaisontrebeurden.fr\/de\/wp-json\/wp\/v2\/product_tag?post=7407"}],"curies":[{"name":"wp","href":"https:\/\/api.w.org\/{rel}","templated":true}]}}

<p>Die Camp LED-Tischlampe von Leitmotiv zieht mit ihrer glänzenden Chromoberfläche alle Blicke auf sich. Perfekt für alle, die ein bisschen Bling-Bling auf dem Schreibtisch mögen, oder als strahlender Akzent auf einem Beistelltisch. Sind Sie bereit, Ihren Raum mit einem futuristischen Touch zu erhellen? Wo würden Sie die LED-Lampe Camp von Leitmotiv platzieren?</p>

<p>Die Camp LED-Tischlampe von Leitmotiv zieht mit ihrer glänzenden Chromoberfläche alle Blicke auf sich. Perfekt für alle, die ein bisschen Bling-Bling auf dem Schreibtisch mögen, oder als strahlender Akzent auf einem Beistelltisch. Sind Sie bereit, Ihren Raum mit einem futuristischen Touch zu erhellen? Wo werden Sie die LED-Lampe Camp von Leitmotiv platzieren ... </p>
<p class="link-more"><a href="https://lamaisontrebeurden.fr/de/product/table-lamp-camp-led-noire/" class="more-link"><span class="screen-reader-text">"Tisch Lamp Camp LED schwarz" </span>weiterlesen</a></p>
